{"id":3509,"date":"2021-03-07T07:45:14","date_gmt":"2021-03-07T07:45:14","guid":{"rendered":"http:\/\/www.ndemario.com\/french\/?page_id=3509"},"modified":"2021-07-21T20:59:58","modified_gmt":"2021-07-21T19:59:58","slug":"global-distribution-quality","status":"publish","type":"page","link":"http:\/\/www.ndemario.com\/french\/global-distribution-quality\/","title":{"rendered":"Distribution Internationale Et Assurance Qualit\u00e9"},"content":{"rendered":"[vc_row type=&#8221;full_width_content&#8221; full_screen_row_position=&#8221;top&#8221; full_height=&#8221;yes&#8221; columns_placement=&#8221;top&#8221; mouse_based_parallax_bg=&#8221;true&#8221; scene_position=&#8221;top&#8221; mouse_sensitivity=&#8221;10&#8243; text_color=&#8221;dark&#8221; text_align=&#8221;left&#8221; bottom_padding=&#8221;5%&#8221; overlay_strength=&#8221;0.3&#8243;][vc_column column_padding=&#8221;no-extra-padding&#8221; column_padding_position=&#8221;all&#8221; background_color_opacity=&#8221;1&#8243; background_hover_color_opacity=&#8221;1&#8243; column_shadow=&#8221;none&#8221; width=&#8221;1\/1&#8243; tablet_text_alignment=&#8221;default&#8221; phone_text_alignment=&#8221;default&#8221; column_border_width=&#8221;none&#8221; column_border_style=&#8221;solid&#8221;][rev_slider_vc alias=&#8221;quality&#8221;][vc_row_inner column_margin=&#8221;default&#8221; top_padding=&#8221;40&#8243; bottom_padding=&#8221;1&#8243; text_align=&#8221;center&#8221;][vc_column_inner column_padding=&#8221;padding-1-percent&#8221; column_padding_position=&#8221;all&#8221; centered_text=&#8221;true&#8221; background_color_opacity=&#8221;1&#8243; width=&#8221;1\/1&#8243; column_border_width=&#8221;none&#8221; column_border_style=&#8221;solid&#8221;][vc_column_text css_animation=&#8221;fadeInDown&#8221; max_width=&#8221;800&#8243;]\n<h4 style=\"text-align: left;\">N De Mario &amp; Mario prend en charge la distribution sous licence, conform\u00e9ment \u00e0 la l\u00e9gislation, tout en veillant au respect de l\u2019assurance qualit\u00e9 et des principes de d\u00e9ontologie et de pharmacovigilance le long de la cha\u00eene d\u2019approvisionnement. Nous sommes particuli\u00e8rement attach\u00e9s \u00e0 ces valeurs et mettons un point d\u2019honneur \u00e0 assurer un approvisionnement \u00e9thique et en pleine conformit\u00e9 avec la loi, en recourant \u00e0 des partenaires dignes de confiance, avec lesquels nous sommes en dialogue continu et exer\u00e7ons un contr\u00f4le mutuel des r\u00e8gles et proc\u00e9dures en vigueur.<\/h4>\n[\/vc_column_text]<div class=\"divider-wrap\"><div style=\"margin-top: 25px; width: 800px; height: 2px; margin-bottom: 25px;\" data-width=\"800\" data-animate=\"yes\" data-animation-delay=\"\" data-color=\"extra-color-1\" class=\"divider-small-border\"><\/div><\/div>[vc_column_text css_animation=&#8221;fadeInDown&#8221; max_width=&#8221;800&#8243;]\n<p style=\"text-align: left;\">Nous disposons de r\u00e9seaux de distribution de premier plan pour la distribution des m\u00e9dicaments (sp\u00e9cialis\u00e9s, soumis \u00e0 la cha\u00eene du froid ou stock\u00e9s \u00e0 temp\u00e9rature ambiante), garantissant un maintien qualitatif. La relation de proximit\u00e9 que nous entretenons avec nos fournisseurs va ainsi de pair avec la confiance et la fid\u00e9lit\u00e9 acquises aupr\u00e8s des consommateurs.<\/p>\n<p style=\"text-align: left;\">En facilitant la distribution des m\u00e9dicaments, nous op\u00e9rons pour le compte de nos clients r\u00e9partis dans le monde entier, gr\u00e2ce \u00e0 des partenariats fiables et s\u00e9curis\u00e9s. Nous \u00e9largissons constamment notre r\u00e9seau en participant \u00e0 des salons, ateliers et autres conf\u00e9rences, tout en soumettant nos nouveaux partenaires \u00e0 des audits, garantissant des conditions de stockage, des services et des pratiques ad\u00e9quats.<\/p>\n<p style=\"text-align: left;\">Au fil des ann\u00e9es, nous avons d\u00e9velopp\u00e9 nos activit\u00e9s gr\u00e2ce \u00e0 nos \u00e9quipes internationales multilingues et diverses, form\u00e9es d\u2019experts offrant un service client de pointe aux quatre coins de la plan\u00e8te.<\/p>\n<p style=\"text-align: left;\">Nous faisons n\u00f4tre la maxime de Pharmadoor\u00a0:<em> \u00ab\u00a0Toute transaction a toujours repos\u00e9 sur ce triptyque\u00a0: clart\u00e9, transparence et accessibilit\u00e9\u00a0\u00bb.<\/em><\/p>\n[\/vc_column_text]<div class=\"divider-wrap\"><div style=\"margin-top: 25px; width: 800px; height: 2px; margin-bottom: 25px;\" data-width=\"800\" data-animate=\"yes\" data-animation-delay=\"\" data-color=\"extra-color-1\" class=\"divider-small-border\"><\/div><\/div>[\/vc_column_inner][\/vc_row_inner][\/vc_column][\/vc_row][vc_row type=&#8221;in_container&#8221; full_screen_row_position=&#8221;middle&#8221; scene_position=&#8221;center&#8221; text_color=&#8221;dark&#8221; text_align=&#8221;left&#8221; top_padding=&#8221;1%&#8221; overlay_strength=&#8221;0.3&#8243;][\/vc_row][vc_row type=&#8221;in_container&#8221; full_screen_row_position=&#8221;middle&#8221; scene_position=&#8221;center&#8221; text_color=&#8221;dark&#8221; text_align=&#8221;left&#8221; overlay_strength=&#8221;0.3&#8243;][vc_column column_padding=&#8221;no-extra-padding&#8221; column_padding_position=&#8221;all&#8221; background_color_opacity=&#8221;1&#8243; background_hover_color_opacity=&#8221;1&#8243; column_shadow=&#8221;none&#8221; width=&#8221;1\/3&#8243; tablet_text_alignment=&#8221;default&#8221; phone_text_alignment=&#8221;default&#8221; column_border_width=&#8221;none&#8221; column_border_style=&#8221;solid&#8221;]<div class=\"team-member\" data-style=\"meta_overlaid\"><div class=\"team-member-overlay\"><\/div><a href=\"http:\/\/www.ndemario.com\/french\/named-patient-program\/\"><\/a> <div class=\"team-member-image\" style=\"background-image: url(http:\/\/www.ndemario.com\/french\/wp-content\/uploads\/2017\/08\/named-patient-supply_2-600x403.jpg);\"><\/div><div class=\"team-meta\"><h3>Dispositifs D\u2019Atu Nominative<\/h3><p><p><\/div><\/div>[\/vc_column][vc_column column_padding=&#8221;no-extra-padding&#8221; column_padding_position=&#8221;all&#8221; background_color_opacity=&#8221;1&#8243; background_hover_color_opacity=&#8221;1&#8243; column_shadow=&#8221;none&#8221; width=&#8221;1\/3&#8243; tablet_text_alignment=&#8221;default&#8221; phone_text_alignment=&#8221;default&#8221; column_border_width=&#8221;none&#8221; column_border_style=&#8221;solid&#8221;]<div class=\"team-member\" data-style=\"meta_overlaid\"><div class=\"team-member-overlay\"><\/div><a href=\"http:\/\/www.ndemario.com\/french\/product-registration\/\"><\/a> <div class=\"team-member-image\" style=\"background-image: url(http:\/\/www.ndemario.com\/french\/wp-content\/uploads\/2017\/08\/product-page_2_-600x403.jpg);\"><\/div><div class=\"team-meta\"><h3>Enregistrement Des Produits<\/h3><p><p><\/div><\/div>[\/vc_column][vc_column column_padding=&#8221;no-extra-padding&#8221; column_padding_position=&#8221;all&#8221; background_color_opacity=&#8221;1&#8243; background_hover_color_opacity=&#8221;1&#8243; column_shadow=&#8221;none&#8221; width=&#8221;1\/3&#8243; tablet_text_alignment=&#8221;default&#8221; phone_text_alignment=&#8221;default&#8221; column_border_width=&#8221;none&#8221; column_border_style=&#8221;solid&#8221;]<div class=\"team-member\" data-style=\"meta_overlaid\"><div class=\"team-member-overlay\"><\/div><a href=\"http:\/\/www.ndemario.com\/french\/partnership-agreements\/\"><\/a> <div class=\"team-member-image\" style=\"background-image: url(http:\/\/www.ndemario.com\/french\/wp-content\/uploads\/2017\/08\/partner_2-600x403.jpg);\"><\/div><div class=\"team-meta\"><h3>Partenariats<\/h3><p><p><\/div><\/div>[\/vc_column][\/vc_row]\n","protected":false},"excerpt":{"rendered":"<p>[vc_row type=&#8221;full_width_content&#8221; full_screen_row_position=&#8221;top&#8221; full_height=&#8221;yes&#8221; columns_placement=&#8221;top&#8221; mouse_based_parallax_bg=&#8221;true&#8221; scene_position=&#8221;top&#8221; mouse_sensitivity=&#8221;10&#8243; text_color=&#8221;dark&#8221; text_align=&#8221;left&#8221; bottom_padding=&#8221;5%&#8221; overlay_strength=&#8221;0.3&#8243;][vc_column column_padding=&#8221;no-extra-padding&#8221; column_padding_position=&#8221;all&#8221; background_color_opacity=&#8221;1&#8243; background_hover_color_opacity=&#8221;1&#8243; column_shadow=&#8221;none&#8221; width=&#8221;1\/1&#8243; tablet_text_alignment=&#8221;default&#8221; phone_text_alignment=&#8221;default&#8221; column_border_width=&#8221;none&#8221; column_border_style=&#8221;solid&#8221;][rev_slider_vc alias=&#8221;quality&#8221;][vc_row_inner column_margin=&#8221;default&#8221; top_padding=&#8221;40&#8243; bottom_padding=&#8221;1&#8243; text_align=&#8221;center&#8221;][vc_column_inner column_padding=&#8221;padding-1-percent&#8221; column_padding_position=&#8221;all&#8221; centered_text=&#8221;true&#8221;&#8230;<\/p>\n","protected":false},"author":4,"featured_media":0,"parent":0,"menu_order":0,"comment_status":"closed","ping_status":"closed","template":"","meta":[],"yoast_head":"<!-- This site is optimized with the Yoast SEO plugin v16.7 - https:\/\/yoast.com\/wordpress\/plugins\/seo\/ -->\n<title>N De Mario &amp; Mario - Global Distribution and Quality<\/title>\n<meta name=\"description\" content=\"N De Mario exercises compliant licensed distribution alongside quality assurance making certain of our honest supply chain maintaining pharmacovigilance\" \/>\n<meta name=\"robots\" content=\"index, follow, max-snippet:-1, max-image-preview:large, max-video-preview:-1\" \/>\n<link rel=\"canonical\" href=\"https:\/\/www.ndemario.com\/french\/global-distribution-quality\/\" \/>\n<meta property=\"og:locale\" content=\"en_GB\" \/>\n<meta property=\"og:type\" content=\"article\" \/>\n<meta property=\"og:title\" content=\"N De Mario &amp; Mario - Global Distribution and Quality\" \/>\n<meta property=\"og:description\" content=\"N De Mario exercises compliant licensed distribution alongside quality assurance making certain of our honest supply chain maintaining pharmacovigilance\" \/>\n<meta property=\"og:url\" content=\"https:\/\/www.ndemario.com\/french\/global-distribution-quality\/\" \/>\n<meta property=\"og:site_name\" content=\"Mario\" \/>\n<meta property=\"article:modified_time\" content=\"2021-07-21T19:59:58+00:00\" \/>\n<meta name=\"twitter:card\" content=\"summary\" \/>\n<meta name=\"twitter:label1\" content=\"Estimated reading time\" \/>\n\t<meta name=\"twitter:data1\" content=\"2 minutes\" \/>\n<script type=\"application\/ld+json\" class=\"yoast-schema-graph\">{\"@context\":\"https:\/\/schema.org\",\"@graph\":[{\"@type\":\"WebSite\",\"@id\":\"http:\/\/www.ndemario.com\/french\/#website\",\"url\":\"http:\/\/www.ndemario.com\/french\/\",\"name\":\"Mario\",\"description\":\"N. De Mario &amp; Mario\",\"potentialAction\":[{\"@type\":\"SearchAction\",\"target\":{\"@type\":\"EntryPoint\",\"urlTemplate\":\"http:\/\/www.ndemario.com\/french\/?s={search_term_string}\"},\"query-input\":\"required name=search_term_string\"}],\"inLanguage\":\"en-GB\"},{\"@type\":\"WebPage\",\"@id\":\"https:\/\/www.ndemario.com\/french\/global-distribution-quality\/#webpage\",\"url\":\"https:\/\/www.ndemario.com\/french\/global-distribution-quality\/\",\"name\":\"N De Mario & Mario - Global Distribution and Quality\",\"isPartOf\":{\"@id\":\"http:\/\/www.ndemario.com\/french\/#website\"},\"datePublished\":\"2021-03-07T07:45:14+00:00\",\"dateModified\":\"2021-07-21T19:59:58+00:00\",\"description\":\"N De Mario exercises compliant licensed distribution alongside quality assurance making certain of our honest supply chain maintaining pharmacovigilance\",\"breadcrumb\":{\"@id\":\"https:\/\/www.ndemario.com\/french\/global-distribution-quality\/#breadcrumb\"},\"inLanguage\":\"en-GB\",\"potentialAction\":[{\"@type\":\"ReadAction\",\"target\":[\"https:\/\/www.ndemario.com\/french\/global-distribution-quality\/\"]}]},{\"@type\":\"BreadcrumbList\",\"@id\":\"https:\/\/www.ndemario.com\/french\/global-distribution-quality\/#breadcrumb\",\"itemListElement\":[{\"@type\":\"ListItem\",\"position\":1,\"name\":\"Home\",\"item\":\"http:\/\/www.ndemario.com\/french\/\"},{\"@type\":\"ListItem\",\"position\":2,\"name\":\"Distribution Internationale Et Assurance Qualit\\u00e9\"}]}]}<\/script>\n<!-- \/ Yoast SEO plugin. -->","yoast_head_json":{"title":"N De Mario & Mario - Global Distribution and Quality","description":"N De Mario exercises compliant licensed distribution alongside quality assurance making certain of our honest supply chain maintaining pharmacovigilance","robots":{"index":"index","follow":"follow","max-snippet":"max-snippet:-1","max-image-preview":"max-image-preview:large","max-video-preview":"max-video-preview:-1"},"canonical":"https:\/\/www.ndemario.com\/french\/global-distribution-quality\/","og_locale":"en_GB","og_type":"article","og_title":"N De Mario & Mario - Global Distribution and Quality","og_description":"N De Mario exercises compliant licensed distribution alongside quality assurance making certain of our honest supply chain maintaining pharmacovigilance","og_url":"https:\/\/www.ndemario.com\/french\/global-distribution-quality\/","og_site_name":"Mario","article_modified_time":"2021-07-21T19:59:58+00:00","twitter_card":"summary","twitter_misc":{"Estimated reading time":"2 minutes"},"schema":{"@context":"https:\/\/schema.org","@graph":[{"@type":"WebSite","@id":"http:\/\/www.ndemario.com\/french\/#website","url":"http:\/\/www.ndemario.com\/french\/","name":"Mario","description":"N. De Mario &amp; Mario","potentialAction":[{"@type":"SearchAction","target":{"@type":"EntryPoint","urlTemplate":"http:\/\/www.ndemario.com\/french\/?s={search_term_string}"},"query-input":"required name=search_term_string"}],"inLanguage":"en-GB"},{"@type":"WebPage","@id":"https:\/\/www.ndemario.com\/french\/global-distribution-quality\/#webpage","url":"https:\/\/www.ndemario.com\/french\/global-distribution-quality\/","name":"N De Mario & Mario - Global Distribution and Quality","isPartOf":{"@id":"http:\/\/www.ndemario.com\/french\/#website"},"datePublished":"2021-03-07T07:45:14+00:00","dateModified":"2021-07-21T19:59:58+00:00","description":"N De Mario exercises compliant licensed distribution alongside quality assurance making certain of our honest supply chain maintaining pharmacovigilance","breadcrumb":{"@id":"https:\/\/www.ndemario.com\/french\/global-distribution-quality\/#breadcrumb"},"inLanguage":"en-GB","potentialAction":[{"@type":"ReadAction","target":["https:\/\/www.ndemario.com\/french\/global-distribution-quality\/"]}]},{"@type":"BreadcrumbList","@id":"https:\/\/www.ndemario.com\/french\/global-distribution-quality\/#breadcrumb","itemListElement":[{"@type":"ListItem","position":1,"name":"Home","item":"http:\/\/www.ndemario.com\/french\/"},{"@type":"ListItem","position":2,"name":"Distribution Internationale Et Assurance Qualit\u00e9"}]}]}},"_links":{"self":[{"href":"http:\/\/www.ndemario.com\/french\/wp-json\/wp\/v2\/pages\/3509"}],"collection":[{"href":"http:\/\/www.ndemario.com\/french\/wp-json\/wp\/v2\/pages"}],"about":[{"href":"http:\/\/www.ndemario.com\/french\/wp-json\/wp\/v2\/types\/page"}],"author":[{"embeddable":true,"href":"http:\/\/www.ndemario.com\/french\/wp-json\/wp\/v2\/users\/4"}],"replies":[{"embeddable":true,"href":"http:\/\/www.ndemario.com\/french\/wp-json\/wp\/v2\/comments?post=3509"}],"version-history":[{"count":10,"href":"http:\/\/www.ndemario.com\/french\/wp-json\/wp\/v2\/pages\/3509\/revisions"}],"predecessor-version":[{"id":3650,"href":"http:\/\/www.ndemario.com\/french\/wp-json\/wp\/v2\/pages\/3509\/revisions\/3650"}],"wp:attachment":[{"href":"http:\/\/www.ndemario.com\/french\/wp-json\/wp\/v2\/media?parent=3509"}],"curies":[{"name":"wp","href":"https:\/\/api.w.org\/{rel}","templated":true}]}}