{"id":3147,"date":"2017-07-27T18:37:44","date_gmt":"2017-07-27T17:37:44","guid":{"rendered":"http:\/\/www.ndemario.com\/french\/?page_id=3147"},"modified":"2021-07-21T20:50:29","modified_gmt":"2021-07-21T19:50:29","slug":"produits-pharmaceutiques","status":"publish","type":"page","link":"http:\/\/www.ndemario.com\/french\/produits-pharmaceutiques\/","title":{"rendered":"Qui sommes-nous?"},"content":{"rendered":"[vc_row type=&#8221;full_width_content&#8221; full_screen_row_position=&#8221;top&#8221; full_height=&#8221;yes&#8221; columns_placement=&#8221;top&#8221; mouse_based_parallax_bg=&#8221;true&#8221; scene_position=&#8221;top&#8221; mouse_sensitivity=&#8221;10&#8243; text_color=&#8221;dark&#8221; text_align=&#8221;left&#8221; bottom_padding=&#8221;3%&#8221; overlay_strength=&#8221;0.3&#8243;][vc_column column_padding=&#8221;no-extra-padding&#8221; column_padding_position=&#8221;all&#8221; background_color_opacity=&#8221;1&#8243; background_hover_color_opacity=&#8221;1&#8243; column_shadow=&#8221;none&#8221; width=&#8221;1\/1&#8243; tablet_text_alignment=&#8221;default&#8221; phone_text_alignment=&#8221;default&#8221; column_border_width=&#8221;none&#8221; column_border_style=&#8221;solid&#8221;][rev_slider_vc alias=&#8221;about&#8221;][vc_row_inner column_margin=&#8221;default&#8221; top_padding=&#8221;40&#8243; bottom_padding=&#8221;1&#8243; text_align=&#8221;left&#8221;][vc_column_inner column_padding=&#8221;padding-1-percent&#8221; column_padding_position=&#8221;all&#8221; centered_text=&#8221;true&#8221; background_color_opacity=&#8221;1&#8243; width=&#8221;1\/1&#8243; column_border_width=&#8221;none&#8221; column_border_style=&#8221;solid&#8221;][vc_column_text css_animation=&#8221;fadeIn&#8221; max_width=&#8221;900&#8243;]\n<h3 style=\"text-align: left;\">Fond\u00e9e en 2015, N De Mario &amp; Mario Ltd met \u00e0 la disposition de ses clients un large \u00e9ventail de produits pharmaceutiques, notamment des m\u00e9dicaments homologu\u00e9s ou sp\u00e9cialis\u00e9s (non homologu\u00e9s), fabriqu\u00e9s, entre autres, au Royaume-Uni, dans l\u2019Union europ\u00e9enne, aux \u00c9tats-Unis, au Canada, en Australie, au Japon et en Nouvelle-Z\u00e9lande.<\/h3>\n[\/vc_column_text]<div class=\"divider-wrap\"><div style=\"margin-top: 20px; width: 40px; height: 2px; margin-bottom: 20px;\" data-width=\"40\" data-animate=\"yes\" data-animation-delay=\"\" data-color=\"accent-color\" class=\"divider-small-border\"><\/div><\/div>[vc_column_text css_animation=&#8221;fadeInDown&#8221; max_width=&#8221;700&#8243;]\n<p style=\"text-align: left;\">Forts de notre expertise dans l\u2019approvisionnement, la distribution et la livraison de m\u00e9dicaments, nous op\u00e9rons dans le monde entier. Nous mettons \u00e0 profit notre connaissance approfondie des l\u00e9gislations et proc\u00e9dures locales pour coop\u00e9rer avec les fabricants et acheminer des m\u00e9dicaments vers de nouveaux territoires demandeurs, gr\u00e2ce \u00e0 des accords de partenariat exclusifs.<\/p>\n<p style=\"text-align: left;\">Au fait des formalit\u00e9s complexes li\u00e9es \u00e0 l\u2019importation des m\u00e9dicaments \u00e0 des fins commerciales, nous accompagnons nos partenaires tout au long de la cha\u00eene, notamment lors de l\u2019enregistrement des produits aupr\u00e8s des organismes locaux comp\u00e9tents, en assurant la m\u00e9diation avec les fabricants.<\/p>\n<p style=\"text-align: left;\">La livraison des produits est suivie par notre service client multilingue, \u00e9paul\u00e9 par nos experts et nos \u00e9quipes charg\u00e9es des infrastructures et de la logistique, de fa\u00e7on \u00e0 assurer un acheminement rapide et s\u00e9curis\u00e9 des m\u00e9dicaments et de leurs notices \u00e0 destination des patients, des praticiens prescripteurs, des h\u00f4pitaux ou des cliniques.<\/p>\n<p style=\"text-align: left;\"><strong>\u00a0<\/strong><\/p>\n<p style=\"text-align: left;\"><strong><em>Veuillez nous contacter pour toute information concernant les conditions de partenariat, l\u2019enregistrement des produits, les dispositifs d\u2019ATU nominative, l\u2019approvisionnement (en m\u00e9dicaments d\u2019origine et g\u00e9n\u00e9riques, en vente libre ou soumis \u00e0 la cha\u00eene du froid) assur\u00e9 par notre r\u00e9seau mondial de distribution certifi\u00e9.<\/em><\/strong><\/p>\n<p style=\"text-align: left;\"><strong>\u00a0<\/strong><\/p>\n[\/vc_column_text]<div class=\"divider-wrap\"><div style=\"margin-top: 20px; width: 40px; height: 2px; margin-bottom: 20px;\" data-width=\"40\" data-animate=\"yes\" data-animation-delay=\"\" data-color=\"accent-color\" class=\"divider-small-border\"><\/div><\/div>[\/vc_column_inner][\/vc_row_inner][\/vc_column][\/vc_row][vc_row type=&#8221;in_container&#8221; full_screen_row_position=&#8221;middle&#8221; scene_position=&#8221;center&#8221; text_color=&#8221;dark&#8221; text_align=&#8221;center&#8221; overlay_strength=&#8221;0.3&#8243;][vc_column column_padding=&#8221;no-extra-padding&#8221; column_padding_position=&#8221;all&#8221; background_color_opacity=&#8221;1&#8243; background_hover_color_opacity=&#8221;1&#8243; column_shadow=&#8221;none&#8221; width=&#8221;1\/1&#8243; tablet_text_alignment=&#8221;default&#8221; phone_text_alignment=&#8221;default&#8221; column_border_width=&#8221;none&#8221; column_border_style=&#8221;solid&#8221;][nectar_btn size=&#8221;large&#8221; button_style=&#8221;regular&#8221; button_color_2=&#8221;Accent-Color&#8221; icon_family=&#8221;none&#8221; text=&#8221;NOUS CONTACTER&#8221; url=&#8221;mailto:info@ndemario.com &#8220;][\/vc_column][\/vc_row][vc_row type=&#8221;in_container&#8221; full_screen_row_position=&#8221;middle&#8221; scene_position=&#8221;center&#8221; text_color=&#8221;dark&#8221; text_align=&#8221;center&#8221; overlay_strength=&#8221;0.3&#8243;][vc_column centered_text=&#8221;true&#8221; column_padding=&#8221;no-extra-padding&#8221; column_padding_position=&#8221;all&#8221; background_color_opacity=&#8221;1&#8243; background_hover_color_opacity=&#8221;1&#8243; column_shadow=&#8221;none&#8221; width=&#8221;1\/1&#8243; tablet_text_alignment=&#8221;default&#8221; phone_text_alignment=&#8221;default&#8221; column_border_width=&#8221;none&#8221; column_border_style=&#8221;solid&#8221;][vc_row_inner content_placement=&#8221;bottom&#8221; column_margin=&#8221;default&#8221; top_padding=&#8221;3%&#8221; bottom_padding=&#8221;0%&#8221; text_align=&#8221;center&#8221;][vc_column_inner enable_animation=&#8221;true&#8221; animation=&#8221;grow-in&#8221; column_padding=&#8221;no-extra-padding&#8221; column_padding_position=&#8221;all&#8221; background_color_opacity=&#8221;1&#8243; width=&#8221;1\/3&#8243; column_border_width=&#8221;none&#8221; column_border_style=&#8221;solid&#8221;]<div class=\"team-member\" data-style=\"meta_overlaid\"><div class=\"team-member-overlay\"><\/div><a href=\"http:\/\/www.ndemario.com\/french\/named-patient-program\/\"><\/a> <div class=\"team-member-image\" style=\"background-image: url(http:\/\/www.ndemario.com\/french\/wp-content\/uploads\/2017\/08\/named-patient-supply_2-600x403.jpg);\"><\/div><div class=\"team-meta\"><h3>Dispositifs D\u2019Atu Nominative<\/h3><p><p><\/div><\/div>[\/vc_column_inner][vc_column_inner enable_animation=&#8221;true&#8221; animation=&#8221;grow-in&#8221; column_padding=&#8221;no-extra-padding&#8221; column_padding_position=&#8221;all&#8221; background_color_opacity=&#8221;1&#8243; width=&#8221;1\/3&#8243; column_border_width=&#8221;none&#8221; column_border_style=&#8221;solid&#8221;]<div class=\"team-member\" data-style=\"meta_overlaid\"><div class=\"team-member-overlay\"><\/div><a href=\"http:\/\/www.ndemario.com\/french\/product-registration\/\"><\/a> <div class=\"team-member-image\" style=\"background-image: url(http:\/\/www.ndemario.com\/french\/wp-content\/uploads\/2017\/08\/product_2-600x403.jpg);\"><\/div><div class=\"team-meta\"><h3>Enregistrement Des Produits<\/h3><p><p><\/div><\/div>[\/vc_column_inner][vc_column_inner enable_animation=&#8221;true&#8221; animation=&#8221;grow-in&#8221; column_padding=&#8221;no-extra-padding&#8221; column_padding_position=&#8221;all&#8221; background_color_opacity=&#8221;1&#8243; width=&#8221;1\/3&#8243; column_border_width=&#8221;none&#8221; column_border_style=&#8221;solid&#8221;]<div class=\"team-member\" data-style=\"meta_overlaid\"><div class=\"team-member-overlay\"><\/div><a href=\"http:\/\/www.ndemario.com\/french\/partnership-agreements\/\"><\/a> <div class=\"team-member-image\" style=\"background-image: url(http:\/\/www.ndemario.com\/french\/wp-content\/uploads\/2017\/08\/partner_2-600x403.jpg);\"><\/div><div class=\"team-meta\"><h3>Partenariats<\/h3><p><p><\/div><\/div>[\/vc_column_inner][\/vc_row_inner][\/vc_column][\/vc_row][vc_row type=&#8221;in_container&#8221; full_screen_row_position=&#8221;middle&#8221; scene_position=&#8221;center&#8221; text_color=&#8221;dark&#8221; text_align=&#8221;left&#8221; overlay_strength=&#8221;0.3&#8243;][vc_column column_padding=&#8221;no-extra-padding&#8221; column_padding_position=&#8221;all&#8221; background_color_opacity=&#8221;1&#8243; background_hover_color_opacity=&#8221;1&#8243; column_shadow=&#8221;none&#8221; width=&#8221;1\/1&#8243; tablet_text_alignment=&#8221;default&#8221; phone_text_alignment=&#8221;default&#8221; column_border_width=&#8221;none&#8221; column_border_style=&#8221;solid&#8221;][vc_column_text][\/vc_column_text][\/vc_column][\/vc_row]\n","protected":false},"excerpt":{"rendered":"<p>[vc_row type=&#8221;full_width_content&#8221; full_screen_row_position=&#8221;top&#8221; full_height=&#8221;yes&#8221; columns_placement=&#8221;top&#8221; mouse_based_parallax_bg=&#8221;true&#8221; scene_position=&#8221;top&#8221; mouse_sensitivity=&#8221;10&#8243; text_color=&#8221;dark&#8221; text_align=&#8221;left&#8221; bottom_padding=&#8221;3%&#8221; overlay_strength=&#8221;0.3&#8243;][vc_column column_padding=&#8221;no-extra-padding&#8221; column_padding_position=&#8221;all&#8221; background_color_opacity=&#8221;1&#8243; background_hover_color_opacity=&#8221;1&#8243; column_shadow=&#8221;none&#8221; width=&#8221;1\/1&#8243; tablet_text_alignment=&#8221;default&#8221; phone_text_alignment=&#8221;default&#8221; column_border_width=&#8221;none&#8221; column_border_style=&#8221;solid&#8221;][rev_slider_vc alias=&#8221;about&#8221;][vc_row_inner column_margin=&#8221;default&#8221; top_padding=&#8221;40&#8243; bottom_padding=&#8221;1&#8243; text_align=&#8221;left&#8221;][vc_column_inner column_padding=&#8221;padding-1-percent&#8221; column_padding_position=&#8221;all&#8221; centered_text=&#8221;true&#8221;&#8230;<\/p>\n","protected":false},"author":1,"featured_media":0,"parent":0,"menu_order":0,"comment_status":"closed","ping_status":"closed","template":"","meta":[],"yoast_head":"<!-- This site is optimized with the Yoast SEO plugin v16.7 - https:\/\/yoast.com\/wordpress\/plugins\/seo\/ -->\n<title>Les connaissances sp\u00e9cialis\u00e9es enregistrent les m\u00e9dicaments<\/title>\n<meta name=\"description\" content=\"N De Mario, Offrant une distribution conforme de m\u00e9dicaments tiers, nous sommes experts dans la facilitation Dispositifs D\u2019Atu Nominative\" \/>\n<meta name=\"robots\" content=\"index, follow, max-snippet:-1, max-image-preview:large, max-video-preview:-1\" \/>\n<link rel=\"canonical\" href=\"http:\/\/www.ndemario.com\/french\/produits-pharmaceutiques\/\" \/>\n<meta property=\"og:locale\" content=\"en_GB\" \/>\n<meta property=\"og:type\" content=\"article\" \/>\n<meta property=\"og:title\" content=\"Les connaissances sp\u00e9cialis\u00e9es enregistrent les m\u00e9dicaments\" \/>\n<meta property=\"og:description\" content=\"N De Mario, Offrant une distribution conforme de m\u00e9dicaments tiers, nous sommes experts dans la facilitation Dispositifs D\u2019Atu Nominative\" \/>\n<meta property=\"og:url\" content=\"http:\/\/www.ndemario.com\/french\/produits-pharmaceutiques\/\" \/>\n<meta property=\"og:site_name\" content=\"Mario\" \/>\n<meta property=\"article:modified_time\" content=\"2021-07-21T19:50:29+00:00\" \/>\n<meta name=\"twitter:card\" content=\"summary\" \/>\n<meta name=\"twitter:label1\" content=\"Estimated reading time\" \/>\n\t<meta name=\"twitter:data1\" content=\"2 minutes\" \/>\n<script type=\"application\/ld+json\" class=\"yoast-schema-graph\">{\"@context\":\"https:\/\/schema.org\",\"@graph\":[{\"@type\":\"WebSite\",\"@id\":\"http:\/\/www.ndemario.com\/french\/#website\",\"url\":\"http:\/\/www.ndemario.com\/french\/\",\"name\":\"Mario\",\"description\":\"N. De Mario &amp; Mario\",\"potentialAction\":[{\"@type\":\"SearchAction\",\"target\":{\"@type\":\"EntryPoint\",\"urlTemplate\":\"http:\/\/www.ndemario.com\/french\/?s={search_term_string}\"},\"query-input\":\"required name=search_term_string\"}],\"inLanguage\":\"en-GB\"},{\"@type\":\"WebPage\",\"@id\":\"http:\/\/www.ndemario.com\/french\/produits-pharmaceutiques\/#webpage\",\"url\":\"http:\/\/www.ndemario.com\/french\/produits-pharmaceutiques\/\",\"name\":\"Les connaissances sp\\u00e9cialis\\u00e9es enregistrent les m\\u00e9dicaments\",\"isPartOf\":{\"@id\":\"http:\/\/www.ndemario.com\/french\/#website\"},\"datePublished\":\"2017-07-27T17:37:44+00:00\",\"dateModified\":\"2021-07-21T19:50:29+00:00\",\"description\":\"N De Mario, Offrant une distribution conforme de m\\u00e9dicaments tiers, nous sommes experts dans la facilitation Dispositifs D\\u2019Atu Nominative\",\"breadcrumb\":{\"@id\":\"http:\/\/www.ndemario.com\/french\/produits-pharmaceutiques\/#breadcrumb\"},\"inLanguage\":\"en-GB\",\"potentialAction\":[{\"@type\":\"ReadAction\",\"target\":[\"http:\/\/www.ndemario.com\/french\/produits-pharmaceutiques\/\"]}]},{\"@type\":\"BreadcrumbList\",\"@id\":\"http:\/\/www.ndemario.com\/french\/produits-pharmaceutiques\/#breadcrumb\",\"itemListElement\":[{\"@type\":\"ListItem\",\"position\":1,\"name\":\"Home\",\"item\":\"http:\/\/www.ndemario.com\/french\/\"},{\"@type\":\"ListItem\",\"position\":2,\"name\":\"Qui sommes-nous?\"}]}]}<\/script>\n<!-- \/ Yoast SEO plugin. -->","yoast_head_json":{"title":"Les connaissances sp\u00e9cialis\u00e9es enregistrent les m\u00e9dicaments","description":"N De Mario, Offrant une distribution conforme de m\u00e9dicaments tiers, nous sommes experts dans la facilitation Dispositifs D\u2019Atu Nominative","robots":{"index":"index","follow":"follow","max-snippet":"max-snippet:-1","max-image-preview":"max-image-preview:large","max-video-preview":"max-video-preview:-1"},"canonical":"http:\/\/www.ndemario.com\/french\/produits-pharmaceutiques\/","og_locale":"en_GB","og_type":"article","og_title":"Les connaissances sp\u00e9cialis\u00e9es enregistrent les m\u00e9dicaments","og_description":"N De Mario, Offrant une distribution conforme de m\u00e9dicaments tiers, nous sommes experts dans la facilitation Dispositifs D\u2019Atu Nominative","og_url":"http:\/\/www.ndemario.com\/french\/produits-pharmaceutiques\/","og_site_name":"Mario","article_modified_time":"2021-07-21T19:50:29+00:00","twitter_card":"summary","twitter_misc":{"Estimated reading time":"2 minutes"},"schema":{"@context":"https:\/\/schema.org","@graph":[{"@type":"WebSite","@id":"http:\/\/www.ndemario.com\/french\/#website","url":"http:\/\/www.ndemario.com\/french\/","name":"Mario","description":"N. De Mario &amp; Mario","potentialAction":[{"@type":"SearchAction","target":{"@type":"EntryPoint","urlTemplate":"http:\/\/www.ndemario.com\/french\/?s={search_term_string}"},"query-input":"required name=search_term_string"}],"inLanguage":"en-GB"},{"@type":"WebPage","@id":"http:\/\/www.ndemario.com\/french\/produits-pharmaceutiques\/#webpage","url":"http:\/\/www.ndemario.com\/french\/produits-pharmaceutiques\/","name":"Les connaissances sp\u00e9cialis\u00e9es enregistrent les m\u00e9dicaments","isPartOf":{"@id":"http:\/\/www.ndemario.com\/french\/#website"},"datePublished":"2017-07-27T17:37:44+00:00","dateModified":"2021-07-21T19:50:29+00:00","description":"N De Mario, Offrant une distribution conforme de m\u00e9dicaments tiers, nous sommes experts dans la facilitation Dispositifs D\u2019Atu Nominative","breadcrumb":{"@id":"http:\/\/www.ndemario.com\/french\/produits-pharmaceutiques\/#breadcrumb"},"inLanguage":"en-GB","potentialAction":[{"@type":"ReadAction","target":["http:\/\/www.ndemario.com\/french\/produits-pharmaceutiques\/"]}]},{"@type":"BreadcrumbList","@id":"http:\/\/www.ndemario.com\/french\/produits-pharmaceutiques\/#breadcrumb","itemListElement":[{"@type":"ListItem","position":1,"name":"Home","item":"http:\/\/www.ndemario.com\/french\/"},{"@type":"ListItem","position":2,"name":"Qui sommes-nous?"}]}]}},"_links":{"self":[{"href":"http:\/\/www.ndemario.com\/french\/wp-json\/wp\/v2\/pages\/3147"}],"collection":[{"href":"http:\/\/www.ndemario.com\/french\/wp-json\/wp\/v2\/pages"}],"about":[{"href":"http:\/\/www.ndemario.com\/french\/wp-json\/wp\/v2\/types\/page"}],"author":[{"embeddable":true,"href":"http:\/\/www.ndemario.com\/french\/wp-json\/wp\/v2\/users\/1"}],"replies":[{"embeddable":true,"href":"http:\/\/www.ndemario.com\/french\/wp-json\/wp\/v2\/comments?post=3147"}],"version-history":[{"count":38,"href":"http:\/\/www.ndemario.com\/french\/wp-json\/wp\/v2\/pages\/3147\/revisions"}],"predecessor-version":[{"id":3646,"href":"http:\/\/www.ndemario.com\/french\/wp-json\/wp\/v2\/pages\/3147\/revisions\/3646"}],"wp:attachment":[{"href":"http:\/\/www.ndemario.com\/french\/wp-json\/wp\/v2\/media?parent=3147"}],"curies":[{"name":"wp","href":"https:\/\/api.w.org\/{rel}","templated":true}]}}